 multiple of 7?
False
Let q(y) = -7*y - 1. Let h be q(-1). Is 12 a factor of -1*2*h/(-1)?
True
Let t = 123 - -9. Is t a multiple of 44?
True
Let x(m) = 3 - 3 - 5*m - 1. Is 9 a factor of x(-2)?
True
Let t = -89 - -136. Let i = -34 + t. Does 13 divide i?
True
Suppose -4*a - a = 25. Is 4 a factor of 1*2 + (-40)/a?
False
Let z(t) = 3*t + 35. Is 23 a factor of z(19)?
True
Let a = 14 + -3. Suppose 2*o + 3*s = 0, 0 = 6*o - 2*o + s. Let f = a - o. Does 11 divide f?
True
Let g(m) = -m**2 - 3*m - 5. Let k(f) be the second derivative of -f**3/6 - f**2/2 - f. Let r(w) = -2*g(w) + 6*k(w). Is r(3) a multiple of 11?
True
Let u(g) = 2*g**2 + 5*g - 1. Let j be u(-4). Suppose -4*f = -j - 5. Does 6 divide 58/f + 5/(-10)?
False
Let t(k) be the first derivative of -25*k**2 - k + 1. Let w be t(1). Let o = -29 - w. Is o a multiple of 11?
True
Let h = -6 + 11. Suppose h*a + 20 = 6*a. Is 6 a factor of a?
False
Suppose -z = 2*z + 4*s - 59, 2*s - 92 = -4*z. Suppose -5 = -y + z. Is y a multiple of 15?
True
Let n be 77/11 + 8/(-2). Suppose -4*r + v + 67 = 0, -2*v + 1 = n*r - 52. Does 3 divide r?
False
Let t(v) = -v**3 - 5*v**2 - 2*v - 1. Let g(i) = i**2 - 5*i + 5. Let m be g(4). Let s be (-2)/(m/((-10)/(-4))). Is 9 a factor of t(s)?
True
Suppose 396 = 24*l - 22*l. Is 6 a factor of l?
True
Let o = 272 - 147. Does 25 divide o?
True
Let z be 50/(-6) + (-8)/12. Let t(i) = -2*i**2 - i + 2. Let u be t(-2). Is (-39)/z - u/6 even?
False
Let i(t) be the first derivative of t**2 + 6*t - 2. Let g be i(-5). Let w = g + 12. Is 8 a factor of w?
True
Suppose 71 = 2*u - 5*x, 2*u - x = 25 + 50. Is u a multiple of 19?
True
Suppose 42 = s - 2*a + 7*a, 0 = -4*a - 8. Is s a multiple of 13?
True
Let b(w) = w**2 - w. Let v(g) = 46*g**2 - g - 1. Let y(f) = -3*b(f) + v(f). Let p be y(1). Let u = 74 - p. Is 15 a factor of u?
True
Does 9 divide (5/3)/(1/54)?
True
Let b be (-6)/(-2) + (1 - 6). Does 10 divide (-3)/6 - 61/b?
True
Suppose 0 = 3*m - 70 + 22. Is m a multiple of 4?
True
Suppose -2*w + q = -3, 2*q = 3*w + 2*w - 8. Let n = 4 + w. Does 6 divide n?
True
Let l = 20 + -14. Let y = -4 + l. Suppose 66 = -y*g + 4*g. Is g a multiple of 14?
False
Suppose 2*m - 32 = -2*q - 0*q, -89 = -4*m + q. Let s be 2/2*-2 + m. Let y = 1 + s. Is y a multiple of 10?
True
Suppose 102 - 12 = q. Is q a multiple of 15?
True
Is 13 a factor of (-390)/(-8) + 3/12?
False
Let q(p) = -2*p**2 - 3*p**2 + 0*p**3 + p**3 + 5*p - 4 + 3*p. Let i be q(5). Suppose 40 = 2*s - 4*f, -f = -3*s + i + 9. Does 7 divide s?
True
Let b be 21/(-2*1/(-2)). Let c be 3/3 + 2 + b. Let d = 44 - c. Is 10 a factor of d?
True
Let s = 147 - -15. Does 27 divide s?
True
Suppose 0 = 7*v - 2*v + 5*o - 455, -4*o + 188 = 2*v. Is 16 a factor of v?
False
Let i = -4 + 42. Is i a multiple of 15?
False
Suppose 0 = 2*p + 2*s - 30, 0 = 4*p - 0*s + 5*s - 60. Does 3 divide p?
True
Let k be 478/6 - (-18)/(-27). Let f = -35 + k. Does 22 divide f?
True
Suppose 2*g + 6 = 0, 3*v - 2*g = 6*v + 6. Suppose 4*i + x = 140, v = 4*i + 2*x - 104 - 32. Suppose 0*u - 3*u = -i. Is u a multiple of 6?
True
Let o(g) = -g**3 - 9*g**2 - 14*g + 4. Is o(-7) a multiple of 2?
True
Let c = -110 + 253. Is 13 a factor of c?
True
Let p(s) = s**2 + 6*s + 1. Does 2 divide p(-7)?
True
Let n(m) = -m**3 - 7*m**2 - m + 7. Does 3 divide n(-7)?
False
Let k = -113 + 167. Suppose -5*z = -8*z + k. Does 9 divide z?
True
Let i(j) = -2*j**3 + 4*j**2 + 2*j + 1. Let f be i(4). Let n = -35 - f. Suppose u - n = -u. Is 7 a factor of u?
False
Let t(j) = j**2 + 3*j + 3. Let z(r) = -3*r**2 - 9*r - 9. Let c(q) = q**3 - 7*q**2 + 4*q - 5. Let d be c(6). Let x(m) = d*t(m) - 6*z(m). Does 11 divide x(-7)?
False
Let s be (-9)/21 + (-12)/21. Is 36 + -1 + 1 - s a multiple of 33?
False
Let f(p) = p**3 - p + 70. Let k be f(0). Let z = k + -42. Is z a multiple of 12?
False
Suppose -3*f + 160 = -338. Suppose -q = 2*w + 3 - 88, 2*q + f = 4*w. Does 14 divide w?
True
Let t(q) = -15*q - 12. Does 13 divide t(-8)?
False
Suppose -5 = -4*k + 3. Let q(r) = 12*r - 2. Is 6 a factor of q(k)?
False
Suppose -4*t + o - 2 - 2 = 0, 0 = -3*t - 5*o - 26. Is 7 a factor of -26*(6/t)/3?
False
Let k = -6 - -9. Suppose -3*b = 6*m - k*m - 111, -3*m = -2*b + 59. Does 8 divide b?
False
Let b be 3/(9/(-6))*-2. Let r(x) = b*x**3 + x + 24 - 5*x**3 - 2 - x**2. Is 11 a factor of r(0)?
True
Let b = 62 - 38. Suppose -b = -3*p + p. Does 5 divide p?
False
Suppose v = 2 - 3, -v = -5*w - 99. Is (12/(-5))/(8/w) a multiple of 3?
True
Let p(d) be the second derivative of 7*d**4/12 - 5*d. Suppose i + 1 = -c, -3*i + c - 2*c - 5 = 0. Does 14 divide p(i)?
True
Let i be (-74)/(-4)*(2 - 4). Let x be (i/3)/(3/9). Let m = x + 57. Is m a multiple of 10?
True
Suppose -6*m = -2*m. Suppose m*q = -q + 3. Suppose p - 2*a = q*p - 36, 2*p + 5*a = 24. Is p a multiple of 8?
False
Let p = 9 - -2. Let u(g) = g**2 - 7*g + 7. Does 10 divide u(p)?
False
Let f be (-4)/(1 - (-8)/(-7)). Suppose 2*w + 4*z = f, 2*z = 2*w - 2*z - 36. Is w a multiple of 8?
True
Let u(y) = -y - 1. Let i be u(-3). Suppose -2*b - 2 = 0, -i*b + 14 = 3*q - 23. Is 13 a factor of q?
True
Let z = -20 - 26. Let m = z + 30. Let j = -10 - m. Is 3 a factor of j?
True
Suppose 13*w - 195 = 10*w. Is w a multiple of 19?
False
Is 78/(-4)*(-6)/9 a multiple of 13?
True
Let o(z) = z**3 - 2*z + 66. Does 17 divide o(0)?
False
Suppose 4*h + 2*p = 930, -h - 3*p + 455 = h. Is 42 a factor of h?
False
Suppose -2 = -2*c - 6, 5*u = -2*c - 34. Is ((-114)/9)/(u/9) a multiple of 10?
False
Let i be 12/18*9/2. Let k be i + (-1 - -1 - 1). Suppose -b = k*b - 33. Does 9 divide b?
False
Let q(m) = 3*m**2 - 3*m + 2. Suppose -2*y + 7*y = 0. Suppose y = -5*i - 3*l + 7, -5*i - 5*l = -3*l - 8. Is 6 a factor of q(i)?
False
Let k(f) = f**2. Does 16 divide k(4)?
True
Suppose 0 = -x - 35 + 219. Does 16 divide x?
False
Let v = -89 - -129. Let x = -27 + v. Is x a multiple of 13?
True
Suppose -3*r + 5 = -10. Let m(q) = 6*q**2 - 5*q - 1. Let z be m(r). Suppose -2*g + g = 2*i - 68, -5*g = 4*i - z. Is i a multiple of 12?
True
Let s(p) = -p**2 - 12*p - 6. Suppose -3*d - 17 = 4*l - 5*l, 0 = 4*d - 4*l + 20. Let j be s(d). Suppose 2*f - j = f. Is 15 a factor of f?
True
Suppose 5*a = 2*p - 4 - 19, 0 = 3*p - 2*a - 29. Does 2 divide p?
False
Suppose 5*h - 6*h = -5. Does 2 divide h?
False
Suppose -4*g + 141 = -371. Let p = g - 86. Does 14 divide p?
True
Suppose -8*d + 9*d = 0. Suppose d*m + 10 = 5*m. Let s(o) = 4*o**3 + o**2 + 3*o - 2. Does 19 divide s(m)?
False
Let a(k) = 14*k. Let b be a(-1). Let z be 4/b + 16/56. Suppose 4*x - 2*w - 11 - 3 = z, -w = x - 8. Is x a multiple of 2?
False
Let j be (-3*1)/(6/4). Does 27 divide ((-108)/(-8))/(j/(-4))?
True
Is 18 a factor of (-4)/10 + 864/10?
False
Suppose 0*j - 5*j = 390. Let k = 146 + j. Is k a multiple of 19?
False
Suppose 4*o + 47 = -97. Let w = -22 - o. Is 10 a factor of w/(-4)*4/(-1)?
False
Let x(i) = 5*i**3 + 7*i**2 + 12*i. Let b = 7 + -4. Let c(v) = 4*v**3 + 7*v**2 + 11*v. Let h(r) = b*x(r) - 4*c(r). Is 12 a factor of h(-6)?
True
Let n(r) = -26*r**3 + 2*r. Does 24 divide n(-1)?
True
Let t(u) = 0*u + u - 4 - 13*u - 24*u. Let b be t(-3). Suppose -6*g + 2*q + b = -2*g, 4*g = 3*q + 108. Is g a multiple of 8?
True
Let q be (-2 - -2)/(2/2). Suppose q = -j + 2 + 4. Does 14 divide 31 - -2*(-9)/j?
True
Let p(z) = -z**3 + 5*z**2 + 1. Let a be p(5). Let u(v) = 21*v**3 - 2*v + 1. Is 12 a factor of u(a)?
False
Let y(f) be the third derivative of f**6/120 - f**5/30 - f**4/8 - f**3/2 + 17*f**2. Suppose 15 = 5*r, -t + r + 0 + 1 = 0. Does 17 divide y(t)?
True
Let s be 0*2/(-4) + 76. Suppose 0*x - 2*x = -s. Does 11 divide x?
False
Let r(p) be the first derivative of p**2 - 3*p + 2. Is r(8) a multiple of 5?
False
Suppose 0 = -2*v + 1 + 3. Suppose -4 = -2*x + v. Suppose -j = x*j - 48. Does 12 divide j?
True
Suppose -4 + 102 = 7*b. Is b a multiple of 7?
True
Let m = -2 - 28. Is 0 - m - (-2 - 1) a multiple of 13?
False
Let f be (-78)/(-15) - 3/15. Is (11/f - 1)*5 a multiple of 6?
True
Suppose -4*a + 7*a - 45 = 3*q, -5*a = -4*q - 70. Does 10 divide a?
True
Suppose 5*j = -3*r - 108, -2*r + 3*j - 74 = 7*j. Let o = -15 - r. Does 8 divide o?
True
Suppose 0 = -3*y + 3, 1 + 4 = f + 4*y. Suppose 0 = -3*q + 4*k + 105, -2*k + 7 - f = 0. Is q a multiple of 13?
True
Let g(r) = -r - 2. Let k be g(-4). Let w be (6 - 1) + k*-1. Suppose -4*v - m = -78, 4*m